{"id":1294,"date":"2025-05-07T20:32:43","date_gmt":"2025-05-07T19:32:43","guid":{"rendered":"https:\/\/frerebethlehem.edu.ps\/?page_id=1294"},"modified":"2025-05-07T20:32:43","modified_gmt":"2025-05-07T19:32:43","slug":"join-our-alumni-network","status":"publish","type":"page","link":"https:\/\/frerebethlehem.edu.ps\/index.php\/join-our-alumni-network\/","title":{"rendered":"Join Our Alumni Network"},"content":{"rendered":"\n<h2 class=\"wp-block-heading\">\ud83c\udf93 <strong>Reconnect with College des Fr\u00e8res Bethlehem <\/strong><\/h2>\n\n\n\n<p>At Coll\u00e8ge des Fr\u00e8res \u2013 Bethlehem, we believe that being Lasallian is a lifelong journey.<\/p>\n\n\n\n<p>Whether you graduated decades ago or just a few years back, your story remains an essential part of our school\u2019s legacy. As we continue to grow and evolve, we want to celebrate the accomplishments of our alumni, highlight your achievements, and strengthen the bond that connects us all.<\/p>\n\n\n\n<p>We are launching our official <strong>Alumni Network<\/strong>, and we\u2019d love for you to be part of it.<\/p>\n\n\n\n<p>By submitting your information below, you\u2019ll help us:<\/p>\n\n\n\n<ul class=\"wp-block-list\">\n<li>Build a rich alumni archive and gallery<\/li>\n\n\n\n<li>Share updates and invitations to alumni gatherings and school events<\/li>\n\n\n\n<li>Inspire current and future generations of Lasallian students<\/li>\n<\/ul>\n\n\n\n<div class=\"wp-block-contact-form-7-contact-form-selector\">\n<div class=\"wpcf7 no-js\" id=\"wpcf7-f1297-o1\" lang=\"en-US\" dir=\"ltr\" data-wpcf7-id=\"1297\">\n<div class=\"screen-reader-response\"><p role=\"status\" aria-live=\"polite\" aria-atomic=\"true\"><\/p> <ul><\/ul><\/div>\n<form action=\"\/index.php\/wp-json\/wp\/v2\/pages\/1294#wpcf7-f1297-o1\" method=\"post\" class=\"wpcf7-form init\" aria-label=\"Contact form\" enctype=\"multipart\/form-data\" novalidate=\"novalidate\" data-status=\"init\">\n<fieldset class=\"hidden-fields-container\"><input type=\"hidden\" name=\"_wpcf7\" value=\"1297\" \/><input type=\"hidden\" name=\"_wpcf7_version\" value=\"6.1.5\" \/><input type=\"hidden\" name=\"_wpcf7_locale\" value=\"en_US\" \/><input type=\"hidden\" name=\"_wpcf7_unit_tag\" value=\"wpcf7-f1297-o1\" \/><input type=\"hidden\" name=\"_wpcf7_container_post\" value=\"0\" \/><input type=\"hidden\" name=\"_wpcf7_posted_data_hash\" value=\"\" \/><input type=\"hidden\" name=\"_wpcf7_recaptcha_response\" value=\"\" \/>\n<\/fieldset>\n<h2>Join the Fr\u00e8res Bethlehem Alumni Network\n<\/h2>\n<p>Please fill out the form below to share your information with us. We look forward to staying connected with you.\n<\/p>\n<p><label>Full Name *<\/label><br \/>\n<span class=\"wpcf7-form-control-wrap\" data-name=\"full-name\"><input size=\"40\" maxlength=\"400\" class=\"wpcf7-form-control wpcf7-text wpcf7-validates-as-required form-input\" aria-required=\"true\" aria-invalid=\"false\" value=\"\" type=\"text\" name=\"full-name\" \/><\/span>\n<\/p>\n<p><label>Email Address *<\/label><br \/>\n<span class=\"wpcf7-form-control-wrap\" data-name=\"your-email\"><input size=\"40\" maxlength=\"400\" class=\"wpcf7-form-control wpcf7-email wpcf7-validates-as-required wpcf7-text wpcf7-validates-as-email form-input\" aria-required=\"true\" aria-invalid=\"false\" value=\"\" type=\"email\" name=\"your-email\" \/><\/span>\n<\/p>\n<p><label>Graduation Year *<\/label><br \/>\n<span class=\"wpcf7-form-control-wrap\" data-name=\"grad-year\"><input class=\"wpcf7-form-control wpcf7-number wpcf7-validates-as-required wpcf7-validates-as-number form-input\" min=\"1950\" max=\"2030\" aria-required=\"true\" aria-invalid=\"false\" value=\"\" type=\"number\" name=\"grad-year\" \/><\/span>\n<\/p>\n<p><label>Field of Study \/ Major<\/label><br \/>\n<span class=\"wpcf7-form-control-wrap\" data-name=\"field-of-study\"><input size=\"40\" maxlength=\"400\" class=\"wpcf7-form-control wpcf7-text form-input\" aria-invalid=\"false\" value=\"\" type=\"text\" name=\"field-of-study\" \/><\/span>\n<\/p>\n<p><label>Short Bio<\/label><br \/>\n<span class=\"wpcf7-form-control-wrap\" data-name=\"bio\"><textarea cols=\"40\" rows=\"4\" maxlength=\"2000\" class=\"wpcf7-form-control wpcf7-textarea form-input\" aria-invalid=\"false\" name=\"bio\"><\/textarea><\/span>\n<\/p>\n<p><label>Upload Your Photo<\/label><br \/>\n<span class=\"wpcf7-form-control-wrap\" data-name=\"photo\"><input size=\"40\" class=\"wpcf7-form-control wpcf7-file form-input\" accept=\".jpg,.jpeg,.png\" aria-invalid=\"false\" type=\"file\" name=\"photo\" \/><\/span>\n<\/p>\n<p><input class=\"wpcf7-form-control wpcf7-submit has-spinner form-submit\" type=\"submit\" value=\"Submit\" \/>\n<\/p><div class=\"wpcf7-response-output\" aria-hidden=\"true\"><\/div>\n<\/form>\n<\/div>\n<\/div>\n\n\n\n<p><\/p>\n","protected":false},"excerpt":{"rendered":"<p>\ud83c\udf93 Reconnect with College des Fr\u00e8res Bethlehem At Coll\u00e8ge des Fr\u00e8res \u2013 Bethlehem, we believe that being Lasallian is a&hellip;<\/p>\n","protected":false},"author":1,"featured_media":0,"parent":0,"menu_order":0,"comment_status":"closed","ping_status":"closed","template":"elementor_theme","meta":{"_acf_changed":false,"_mo_disable_npp":"","footnotes":""},"class_list":["post-1294","page","type-page","status-publish","entry"],"acf":[],"_links":{"self":[{"href":"https:\/\/frerebethlehem.edu.ps\/index.php\/wp-json\/wp\/v2\/pages\/1294","targetHints":{"allow":["GET"]}}],"collection":[{"href":"https:\/\/frerebethlehem.edu.ps\/index.php\/wp-json\/wp\/v2\/pages"}],"about":[{"href":"https:\/\/frerebethlehem.edu.ps\/index.php\/wp-json\/wp\/v2\/types\/page"}],"author":[{"embeddable":true,"href":"https:\/\/frerebethlehem.edu.ps\/index.php\/wp-json\/wp\/v2\/users\/1"}],"replies":[{"embeddable":true,"href":"https:\/\/frerebethlehem.edu.ps\/index.php\/wp-json\/wp\/v2\/comments?post=1294"}],"version-history":[{"count":4,"href":"https:\/\/frerebethlehem.edu.ps\/index.php\/wp-json\/wp\/v2\/pages\/1294\/revisions"}],"predecessor-version":[{"id":1301,"href":"https:\/\/frerebethlehem.edu.ps\/index.php\/wp-json\/wp\/v2\/pages\/1294\/revisions\/1301"}],"wp:attachment":[{"href":"https:\/\/frerebethlehem.edu.ps\/index.php\/wp-json\/wp\/v2\/media?parent=1294"}],"curies":[{"name":"wp","href":"https:\/\/api.w.org\/{rel}","templated":true}]}}